s the units digit of q?
7
Let f be -3 + 6/2 - 300. Let h = -166 - f. What is the tens digit of h?
3
Let l be 0 + -3 - 12*-2. Suppose 17*t = l*t - 44. Suppose -187 - t = -3*j. What is the tens digit of j?
6
Let k be (-26*(-2)/(-4))/1. Let c = 17 + k. Let y = 5 - c. What is the units digit of y?
1
Let a(n) = -3*n**3 - 9*n**2 - 9*n + 7. Let t(x) = x**3 + x**2 + x - 1. Let i(v) = a(v) + 4*t(v). Let y be i(6). Suppose 3 + y = u. What is the units digit of u?
2
Let b = 116 - 126. Let n be 6/9 + (-188)/(-6). Let w = n + b. What is the units digit of w?
2
Let j = -29 + 10. Let h = j + 58. What is the tens digit of h?
3
Suppose 0 = 4*g - 3*h - 20, 2*g + h = -2*g + 20. Suppose -g*b = 29 - 364. What is the tens digit of b?
6
Let p(u) = u + 3. Let k(n) = n + 3. Let a(i) = 6*k(i) - 7*p(i). Let m be a(-7). Suppose 357 = m*d + 3*d. What is the tens digit of d?
5
Let f(p) = 6*p - 3. Let c be f(1). What is the units digit of 4 + 0 + 44 + 1*c?
1
Let i = -29 + 17. Let k = i + 14. Suppose -p = -k*p + 4. What is the units digit of p?
4
Let y(m) = -2*m**3 - 9*m**2 - 13*m + 11. What is the hundreds digit of y(-7)?
3
Let g(a) be the third derivative of a**4/24 - a**3/6 + a**2. Let k be g(-1). What is the units digit of 56/16*(-12)/k?
1
Suppose 0 = 2*u - u - 1228. What is the units digit of u?
8
Let z(t) = 4*t**3 + 2*t**2 - 1. Suppose -2*d = 3*d - 5. Let j be z(d). Suppose -j*k = 14 - 174. What is the units digit of k?
2
Suppose 19 - 158 = -5*v - 2*i, -87 = -3*v - 3*i. What is the units digit of -2 + 0 + v/9?
1
Suppose 2*f = 5*p - 402, -4*p + 5*f - 26 = -334. What is the units digit of p?
2
Suppose 5*q + 6 = -4*p, 6*p - 2*p = q - 18. Let h(m) = -2*m**2 - 3*m + m**3 - 3*m - 4 - 4*m**2 - 2*m**q. What is the tens digit of h(9)?
2
Suppose 0 = -3*o + 5*v - 482, 220 = -5*o - 5*v - 530. What is the units digit of (2*4)/((-14)/o)?
8
Let j be (-11)/(-3) + 6/(-9). Suppose -t - 72 = -4*o + j*t, -3*t = -2*o + 41. What is the units digit of 4/(1 - o)*-27?
9
Suppose 0 = 4*h - 4*w - 0 - 8, -2*h = 2*w - 4. What is the units digit of h?
2
Let z = 7114 + -4802. What is the thousands digit of z?
2
Let m be (-32228)/(-126) + 4/18. Let d = m - 100. What is the hundreds digit of d?
1
Let c(q) = -4*q + 11*q**2 - 10 - 1 + 0*q + 8*q. What is the hundreds digit of c(3)?
1
Let p = 45 + -25. Let w = 67 - p. What is the units digit of w?
7
Let c(p) = 2*p**2 - 42*p - 70. What is the tens digit of c(-23)?
5
Suppose -2*v + 383 = -315. What is the hundreds digit of v?
3
What is the units digit of (-4)/(-34) + 0 + (-481728)/(-442)?
0
What is the thousands digit of 5 - (-368)/24*66?
1
Let y = 6 - 4. Suppose -y = -6*x + 4. What is the units digit of ((-4)/12)/(x/(-99))?
3
Let i = -1075 - -2732. What is the hundreds digit of i?
6
Let z = 450 - 174. Let b = 412 - z. What is the units digit of b?
6
Let j(c) = 10*c - 12. Let m be j(10). Suppose 3*w - m = w. Suppose -w = -5*z + 6. What is the tens digit of z?
1
Let g be (-1)/2 + (-180)/(-40). Suppose -5*i + 190 + 251 = -g*r, 3*i - 262 = 5*r. What is the units digit of i?
9
Suppose 17*g = 20*g - 1296. What is the tens digit of g?
3
Suppose 2*t = -2*w + 5392, 2*w + 3*t = 3*w - 2688. What is the tens digit of w?
9
Let n be (-9)/(-2) - 17/(-34). Suppose 305 + 15 = n*o. What is the tens digit of o?
6
Let y(h) = h**3 + 5*h**2 + 2*h - 3. Let a be y(-4). Let c be a*((-66)/(-10) - 1). Suppose -3*q + 20 = 2*q + 2*g, -2*g - c = -3*q. What is the units digit of q?
6
Let d(h) = 11*h**2. Let k be d(-1). Let j = k - 8. What is the units digit of j?
3
Let r(w) be the third derivative of -1/6*w**4 + 0*w + 1/120*w**6 + 0 + 1/2*w**3 - w**2 + 1/60*w**5. What is the units digit of r(2)?
7
Suppose -5*i + 50 = k, i - 34 = -k - 4*k. Suppose -1140 = -i*l - l. What is the tens digit of l?
1
Suppose 0 = 3*b + 4*x - 979, b + 2*b + 5*x - 983 = 0. What is the tens digit of b?
2
Let j be -450 + (2 + -3 - 2). What is the tens digit of j/(-4) - (4 - 1)/12?
1
Let f = -253 - -273. Suppose -3*a + 2*o - 26 = -4, -2*a - o = 3. What is the tens digit of (-10)/f - 54/a?
1
Let y = 788 + -582. What is the hundreds digit of y?
2
Let r(l) = -3*l + 8. Let z(n) = -1. Let k(x) = r(x) - 5*z(x). Let m be k(-13). What is the units digit of 5/(20/m) + 2?
5
What is the thousands digit of 1788/(-3 - -4) + 9?
1
Let r = -1136 + 2004. What is the units digit of r?
8
Let b(p) = p**2 - 2*p - 1. Let h be b(3). Let i(z) = 20*z - 14*z + 7 + 5*z**2 + z**h - z**2. What is the units digit of i(-3)?
4
Suppose x = -3*t + 6, t = -3*x - 10 + 4. Suppose -2*m - 7*m = -18. Suppose -t*o = j - m, -5 = -j + o + 13. What is the tens digit of j?
1
Let k(q) = q**2 + 10*q + 10. Suppose 0*c + 40 = -4*c. What is the tens digit of k(c)?
1
Let a(x) = 18*x**2 - 38*x + 1. What is the hundreds digit of a(-5)?
6
Let q be 238/(-22) + 4/(-22). Let p be q/3 - 4/12. What is the units digit of -1 - (0 - 1) - p?
4
Let w = 80 - 54. Suppose -w = -5*k - 1. Suppose 0*g + 315 = k*g. What is the units digit of g?
3
Let c(x) = 5*x**3 + 6*x**2 - 12*x + 18. What is the hundreds digit of c(5)?
7
Let q be ((-4)/14 + (-48)/28)*-8. Suppose -3*t = 4*l - t - 32, -3*t - 15 = -3*l. Suppose -j + 4*c + l = 0, c = j - 6 - q. What is the tens digit of j?
2
Suppose c - 3*c - 1273 = -5*d, 1032 = 4*d - 5*c. What is the tens digit of d?
5
Let h(v) = -v - 14. Let b be 2/((-7)/(-9) + -1). Let c be h(b). What is the tens digit of (-2 - c) + (-21)/(-1)?
2
Let a(g) = -2*g - 18. Let m be a(-10). Let r be 42 - 3/6*m. Suppose 2*d + 4*l = 127 - r, -4*d + 211 = -5*l. What is the tens digit of d?
4
Suppose -2*f + 6972 = -31*y + 33*y, 6978 = 2*y - 4*f. What is the tens digit of y?
8
Suppose -8*u + 13 + 3 = 0. Suppose -u*c + 3*w + 456 = -0*c, 0 = 4*c + 5*w - 868. What is the hundreds digit of c?
2
Let d be (32/10)/(4/40). Suppose -6*i + 3*i + 68 = t, 2*i = 2*t + d. What is the tens digit of 108/7 + (-9)/i?
1
Suppose -2055 = -6*p + 1311. What is the hundreds digit of p?
5
Let j be (-9)/(-27) - (-1)/(-3). Let h(c) = -2*c**2 - c + 108. What is the tens digit of h(j)?
0
Suppose 0 = -6*c - 1067 + 7649. What is the hundreds digit of c?
0
Suppose h = 7*h - 30. Suppose -2*d - 2*d = -3*n + 422, 0 = -h*n - 3*d + 713. What is the hundreds digit of n?
1
Let j(c) = 81*c**3 + 7*c**2 + 3*c - 5. Let x(t) = 41*t**3 + 3*t**2 + t - 2. Let o(l) = -3*j(l) + 7*x(l). What is the units digit of o(1)?
3
Let p = 106 - 109. What is the units digit of 1/(p - -2)*-1?
1
Suppose z = -4, 21*j - 19*j = -2*z + 9238. What is the thousands digit of j?
4
Let b(x) = x**3 + 5*x**2 - 5*x - 4. Suppose 7*f = 3*f - d + 60, -f - 3*d + 26 = 0. Let l = f - 19. What is the tens digit of b(l)?
2
Let t be 465/10 + 6/(-4). Suppose 51*v = t*v + 1722. What is the hundreds digit of v?
2
What is the tens digit of (-10*(-2)/(-16))/(2/(-688))?
3
Let c(f) be the second derivative of 7*f**5/30 + f**4/12 - f**3/6 - 7*f**2/2 - 10*f. Let j(u) be the first derivative of c(u). What is the tens digit of j(2)?
5
Let o(p) = -2*p + 8. Let j be o(8). Let d be (j/10)/(7/(-35)). Suppose r - d*t + 1 - 24 = 0, t = -5*r + 178. What is the tens digit of r?
3
Suppose 12*m - 9*m - 11958 = -5*x, -4*x - m = -9572. What is the thousands digit of x?
2
What is the units digit of (-5 - -3)*(2835/(-10))/9?
3
Suppose o - 155 = -3*c, 2*o + o = -3*c + 489. What is the units digit of o?
7
Suppose 3*l + 4*m = -2*l + 848, -3*l + m + 519 = 0. What is the hundreds digit of l?
1
Let l = -556 + 594. Suppose -31 = 5*q + 34. Let d = l - q. What is the units digit of d?
1
What is the units digit of (-2)/((-117733)/(-13083) + -9)?
9
What is the units digit of 4*((-6244)/16)/(-7) + -4?
9
Suppose -3*f = f - 28. What is the tens digit of (f/3)/((-14)/(-798))?
3
Let x(d) = -d + 284. Let n be x(0). Suppose 3*w - 533 = -4*f, -4*f + 5*w + 289 + n = 0. What is the tens digit of f?
3
Suppose 61*v - 66*v + 3292 = 3*y, v - 2197 = -2*y. What is the tens digit of y?
9
Let o = -4 + 6. Suppose 2*g + 2*n - 76 = -0*g, 0 = -o*g - 5*n + 76. Suppose 2*t - x - 2 - 36 = 0, 2*t - g = -3*x. What is the units digit of t?
9
What is the hundreds digit of (3/2)/(15*(-12)/(-317760))?
6
Let j(k) = -257*k**3 - 2*k**2 + 13*k + 31. What is the units digit of j(-2)?
3
Suppose -8*g - 3*u = -3*g - 15, 0 = -5*g - 2*u + 20. Suppose -5 = x - g. What is the tens digit of x + 3 + 3 + 26?
3
Let i be 4/(-22) - (-7488)